e -a = q - 3, 4*q - 2*q + 4*a = 8. What is the highest common factor of q and p?
2
Let q(n) = -n**3 + 16*n**2 + 5*n + 23. Let y be q(16). Calculate the greatest common factor of 2 and y.
1
Let c = -2229 + 2307. What is the greatest common factor of 26 and c?
26
Let s = 0 - -7. Suppose -3*b = -4*b + 2. Suppose 9 = -h - 5*y, -2*y - b*y = 3*h + 5. Calculate the greatest common factor of s and h.
1
Let i be 10/(-12) - (-8865)/270 - 1. Calculate the highest common factor of i and 899.
31
Let f be (-8)/(-10)*(-90)/(-12). Suppose -5*c = -2*c + 147. Let t = 58 + c. Calculate the greatest common factor of f and t.
3
Suppose 5*q - 25 = -2*c + 98, q = 5. Calculate the highest common factor of c and 56.
7
Let b be (-9 - 225/(-18))/(1/10). What is the highest common divisor of 140 and b?
35
Let u = 445 + -436. Calculate the greatest common factor of 81 and u.
9
Suppose -5*n + 0 + 5 = 0. Let z(b) = 43*b**2 + 1. Let h be z(n). What is the highest common factor of h and 110?
22
Let a = 86 - 102. Let h = 128 - a. Calculate the highest common divisor of 18 and h.
18
Let d(h) be the second derivative of 6*h + 8*h**3 + 0 + 1/2*h**2. Let m be d(1). Calculate the greatest common divisor of m and 7.
7
Suppose 24 - 624 = -15*l. Calculate the highest common divisor of 5 and l.
5
Let x = 272 + -32. What is the highest common factor of x and 96?
48
Let c(s) = 9*s**2 - 23*s + 109. Let z be c(4). Calculate the greatest common factor of 21 and z.
7
Let n(y) = 4*y**2 + 6*y - 10. Let u be n(-8). Suppose -63 = 5*j + 112. Let v be j/(-2) - 7/(-14). Calculate the highest common divisor of u and v.
18
Suppose -5*k - 23 = 3*m - 4*m, -81 = -3*m + 3*k. What is the greatest common divisor of 28 and m?
28
Let l(j) = -j**3 - 19*j**2 - 44*j - 166. Let g be l(-17). Let t be 3/5 + 2/5. What is the greatest common factor of t and g?
1
Let v(a) = 3*a**2 + a - 15. Let z be v(-7). Let f(c) = c**3 - 5*c**2 - 9*c - 10. Let p be f(7). Calculate the highest common factor of p and z.
25
Let b be 1/((-5)/(-4575) + 0). What is the greatest common divisor of 30 and b?
15
Suppose -5*a + 17 = 2. Suppose -8 = 4*x - 3*s - 31, -5*x + a*s = -31. Calculate the greatest common factor of x and 56.
8
Suppose 5*o = g - 29, -3*g + 78 = -4*o + 24. Let p = 20 - g. Suppose -3*a - 9 = -3, -4*j - 3*a = -162. What is the greatest common factor of p and j?
6
Suppose o + 0 = 9. Let z = o - 0. Suppose s - z = 3. What is the highest common divisor of s and 2?
2
Let r(j) = -15*j - 54. Let s be r(-3). Suppose -60 = 4*i - 9*i. Let h = i - s. What is the greatest common divisor of h and 147?
21
Let s = 334 - 224. Let g be (-11)/(s/(-16))*45. Calculate the greatest common divisor of 180 and g.
36
Suppose 0*l = 4*l - 72. Let z be 2/(-8) - (-9)/4. Let y be -3 - (z - (-406)/(-2)). Calculate the greatest common factor of l and y.
18
Suppose 0 = 28*n + 361 - 1285. Calculate the highest common factor of 81 and n.
3
Let w = 32 - 17. Let m = 7 - 2. Calculate the highest common divisor of m and w.
5
Let u(z) = z**3 - 2*z**2 + 5*z - 9. Let w be u(4). Calculate the greatest common factor of 387 and w.
43
Suppose 7*q - 362 = 2. What is the greatest common divisor of 156 and q?
52
Let g(p) = -44*p**3 - 5*p - 4. Let v be g(-1). Let t = v + 19. Calculate the greatest common factor of t and 8.
8
Suppose -16*f + 59 = -5. What is the highest common factor of f and 4?
4
Suppose 15 = -5*l, -2*d = -14*l + 13*l - 211. What is the greatest common divisor of d and 13?
13
Let w = -484 + 532. Calculate the highest common divisor of 816 and w.
48
Let c = -328 + 432. What is the highest common divisor of 13 and c?
13
Let g(k) = -k**3 - 4*k**2 - 3*k - 10. Let b be g(-4). Suppose -26 = -b*p + 16. What is the greatest common factor of 210 and p?
21
Let f = -9 - -24. Let y be (2 + (-36)/15)/(2/(-600)). What is the highest common divisor of f and y?
15
Let o = -285 + 428. Suppose -2*x + x = o. Let z = 64 - x. What is the highest common divisor of 23 and z?
23
Suppose -6*g - g = 0. Suppose -3*m - 2*j = -0*m - 77, -2*j + 2 = g. What is the greatest common factor of 5 and m?
5
Suppose 0 = 3*h + 5*q - 100, 2*h + 2*q = 22 + 50. Let g be ((-54)/(-15))/(12/h). What is the greatest common factor of 3 and g?
3
Let w be (10/3)/((-44)/(-198)). Suppose -2*x - w = -129. Let n = 37 - 18. What is the highest common factor of x and n?
19
Suppose -2*b = -3*b + 5. Let z be (2 - 2)*(b - 4). Suppose 3*v + 9 = z, v = 3*x - 0*v - 693. Calculate the greatest common factor of 23 and x.
23
Let w be 1951*1 - -5*72/60. What is the highest common factor of w and 19?
19
Let n(d) = 3*d**2 - d - 32. Let o be n(-4). Suppose -4*a + 2*t = -636, 810 = 5*a + t + 4*t. What is the highest common factor of o and a?
20
Suppose -2*w + 522 = w - 4*c, 2*c = 2*w - 346. Suppose -5*j - 9*r = -10*r - 84, 0 = -j + r + 16. Calculate the greatest common divisor of j and w.
17
Suppose u + 1404 = 14*u. What is the greatest common divisor of 27 and u?
27
Let t(u) = u + 5. Let o be t(-5). Let s = o + 10. Let l be 20 - (0/(-8))/6. Calculate the greatest common factor of s and l.
10
Let a(y) = 4*y**3 - 2*y - 2. Let i be a(3). Suppose 0 = 7*h - 69 - 71. What is the greatest common divisor of h and i?
20
Suppose 2*q = 7*q - 720. Let y be -2*(-3)/(6/(-17)). Let b = y + 33. What is the highest common factor of b and q?
16
Suppose 3*u = 25 - 31. Let a(d) = 8*d**2 + 2. Let z be a(u). Calculate the greatest common divisor of 85 and z.
17
Let q be 16446/14 - 44/(-154). What is the greatest common divisor of 47 and q?
47
Let w = -7 - -35. Suppose -y - 15 + w = 0. What is the highest common factor of y and 39?
13
Suppose 2*y - 4*y - 2*p + 42 = 0, -3*y + 3*p = -33. Calculate the highest common divisor of y and 112.
16
Let r = -16 - -25. Let t = 18 - r. Suppose l - t = 4*l, 28 = 4*w - 4*l. Calculate the greatest common factor of 44 and w.
4
Let y = -220 - -284. Calculate the highest common divisor of y and 144.
16
Suppose 0 = v + h, v + 9*h - 10*h = 10. Suppose -4*p + 4*g + 32 = 0, 3 = -2*p - 5*g - 2. What is the highest common divisor of p and v?
5
Suppose 8*o - 435 = 5*o + 5*j, -162 = -o - 4*j. Calculate the highest common factor of 20 and o.
10
Suppose 0 = 5*n + 2*g - 3 - 9, -g = -n + 1. Let j be -3*n/((-4)/6). Calculate the highest common factor of 9 and j.
9
Let f(j) = 7*j**2 - j + 1. Let c be f(1). Suppose -c*t = -4*t. Suppose 0 = -t*w + 3*w - 9. What is the highest common factor of 3 and w?
3
Let u = 63 + -43. Suppose 0 = 18*g - u*g + 340. What is the greatest common divisor of g and 68?
34
Let a = 192 - 175. Suppose -4*f + 5*t = -3755, 2270 = 4*f + 5*t - 1455. Suppose 4*c = -c + f. What is the greatest common factor of c and a?
17
Let k(o) = -2*o + 26. Let n be k(10). Let x be (3/n + -1)*-176. Calculate the greatest common factor of x and 16.
8
Suppose 0 = -4*k - 74 - 282. Let z = k + 95. Calculate the greatest common factor of z and 54.
6
Let p = -268 - -1570. What is the highest common factor of 42 and p?
42
Let s = -62 - -142. Let a be ((-12)/(-10))/((42/100)/7). Calculate the highest common divisor of a and s.
20
Suppose h + 2*h - 3 = 3*q, 5*q + 23 = -h. Let s = q + 445. Calculate the highest common divisor of s and 49.
49
Let a(t) = -2*t**3 - 2*t**2 + 10. Let z be a(-3). What is the greatest common factor of z and 253?
23
Let r(l) = -l + 1. Let n be r(-3). Suppose -3*v - 5*d + 245 = 0, n*d - 244 = -3*v - 0*v. Calculate the greatest common divisor of 10 and v.
10
Suppose 17*p - 4149 = 6204. Calculate the greatest common factor of p and 42.
21
Let z(f) = f**3 + f**2 - 3*f. Let c = -9 + 12. Let i be z(c). Let t be 440/25 + (-4)/(-10). What is the highest common divisor of i and t?
9
Suppose -452 = -2*q - 4*z, 0 = -8*z + 11*z + 15. What is the greatest common factor of q and 2?
2
Let m(k) = 23*k**2 - 7*k + 5. Let a be m(1). What is the highest common divisor of 91 and a?
7
Suppose 51*z - 33 = 50*z. Calculate the greatest common factor of z and 1529.
11
Suppose 4*t - 476 = -2*w - 0*t, 3*t = -15. Let o = w + -64. Let u = -377 + 400. What is the highest common factor of o and u?
23
Let x be -4*(-6)/2*(-2 + 4). Let s(f) = 3*f**3 - f**2 - f - 1. Let k be s(-1). Let z be (-6)/12 + (-50)/k. What is the highest common factor of z and x?
12
Let r = -6 - -8. Suppose -5*c - 5 + 10 = 0. Let l be 13 + 5 + -5 + c. What is th